+ 5*t, 2*r - 256 = 5*t. Calculate the remainder when r is divided by 41.
36
Let q(n) = -8*n**2 - 11*n - 2. Let y be q(7). Let o = 725 + y. Suppose o + 10 = 12*i. What is the remainder when 105 is divided by i?
17
Let s be (-124 + 0)/((-2)/4). Let x = -143 + s. Suppose 0 = 5*j - x - 5. What is the remainder when j is divided by 6?
4
Let l(s) = s**2 + 4*s + 1. Suppose k + 199 = 2*w, 46*w + 20*k = 50*w - 452. What is the remainder when w is divided by l(4)?
32
Let s = -239 - -378. Calculate the remainder when s is divided by (-2)/(-6) - 106/(-6).
13
Let p(h) = 4*h - 19. What is the remainder when (29 - 18)/((5/(-4))/(-5)) is divided by p(9)?
10
Let z be 1/((-3)/6) - -8*2. Suppose -91 = -z*f + 7*f. Calculate the remainder when f is divided by 5*(-2 - 36/(-10)).
5
Let m(h) = h**2 - 243*h - 980. What is the remainder when 127 is divided by m(-4)?
7
Suppose 0 = 2*b - 8, -v + 3 = -6*v - 3*b. Let f(y) = -y**3 - 3*y**2 - 4*y. What is the remainder when 41 is divided by f(v)?
5
Suppose -67*a = 61 - 61. Suppose 5*y - 8355 = -5*o, 0*o + 3*y - 3342 = -2*o. Suppose 12*r - o + 483 = a. What is the remainder when r is divided by 34?
31
Let s(h) = -1 + 16 + h - 9. What is the remainder when s(-4) is divided by 1?
0
Suppose -2*h - 3*h + 90 = 0. Let u(w) = 168*w**3 + 2*w + 3. Let j be u(-1). Let s = 172 + j. Calculate the remainder when h is divided by s.
3
Suppose -5*x = 17 - 97. Suppose -2*z + x = 4*n - 32, n - 52 = -3*z. What is the remainder when 39 is divided by z?
7
Suppose -2*v + 2*f + 16 = -2*f, -v - 2*f = 12. What is the remainder when 475 + (-3 - v) + 5 is divided by 10?
9
Let m = 3835 - 3782. What is the remainder when 571 is divided by m?
41
Let a(i) = -2*i**3 - 20*i**2 + 25*i + 67. Let m be a(-11). Let f = 26 + -16. Let d = m - f. Calculate the remainder when 45 is divided by d.
21
Let r(n) = 2*n**3 - 3*n**2 - n - 5. Let s be r(3). Suppose p - 3*x = 65, p - 24*x + s*x = 71. What is the remainder when p is divided by 15?
11
Let c = 71 - 69. What is the remainder when 52 is divided by (0 - c/2)*(9 - 24)?
7
Suppose 2*z - 49 = -3*j, -j + 103 = 2*z + 3*z. What is the remainder when 93 is divided by z?
13
Suppose k - 99 = -5*y + 4*y, 4*k - 16 = 0. Let w = y + -57. Let s(t) = 2*t**2 - 29*t + 63. Calculate the remainder when s(17) is divided by w.
34
Suppose 1764*v = 1725*v + 351. Let i(j) = 15*j - 12. Let m be i(8). Let h = -56 + m. Calculate the remainder when h is divided by v.
7
Let o = 441 - 428. Suppose 4 = -k, -12*v + o*v - 47 = -2*k. Calculate the remainder when v is divided by 10.
5
Suppose t = -4*w + 79, -3*t + 32*w - 30*w + 293 = 0. What is the remainder when 207 is divided by t?
17
Let q = 3574 - 3046. Calculate the remainder when q is divided by 67.
59
Suppose -b + 4*a + 368 = 0, -3*b = -4*a - 616 - 456. Suppose 0 = 102*y - 103*y + b. Suppose -5*f + y = -578. Calculate the remainder when f is divided by 47.
45
Calculate the remainder when -6 + 3954/(-4)*(8 - 14 - -2) is divided by 984.
12
Suppose 0 = 168*j - 189*j + 1533. Calculate the remainder when 143 is divided by j.
70
Suppose -2 = 3*y - o - 4364, 9*o = y - 1454. What is the remainder when y is divided by 28?
26
What is the remainder when (-950)/(-40)*(-2944)/(-80) is divided by 6?
4
Let t be 156 - (130/(-40) + (-2)/(-8)). Let p = 213 - t. Calculate the remainder when p is divided by 14.
12
Let i be 2 + 22/(-10) + (-1566)/45. What is the remainder when 8/28 + (5115/i)/(-3) is divided by 6?
1
Suppose 0 = -w - 2*a + 772, -4*w - a + 3589 = 494. Suppose -w = 4*s - 862. What is the remainder when 239 is divided by s?
19
Let z(b) = -8*b - 355. What is the remainder when 903 is divided by z(-46)?
6
Let k = 6840 - 6777. What is the remainder when k is divided by 8?
7
Suppose -74 = -4*a + 2*h, 3*a - 41 - 34 = -5*h. Calculate the remainder when (-2 + (-34)/(-5))*(-5 + 25) is divided by a.
16
Calculate the remainder when (5 + 3 + 1 - 6) + 48 is divided by 17.
0
Suppose 0 = 14*d - 16*d - 2*w + 744, 4*w - 387 = -d. Calculate the remainder when d is divided by 104.
55
Let f(m) be the first derivative of 5*m**2/2 + 59*m + 14. Let j be f(-12). What is the remainder when (-3 + 73 - 7) + (j - -4) is divided by 35?
31
Let t(c) = -2*c**2 - 88*c - 2. Calculate the remainder when 8796 is divided by t(-2).
164
Let o(u) = -u**2 - 13*u - 28. Let w be o(-6). Suppose k + 62 = 3*t, -5*t + k + 90 + w = 0. Calculate the remainder when -3 - (-60 + 0) - -3 is divided by t.
18
Let r be (-21 + 24)*(-4)/(-6). Calculate the remainder when 124 is divided by 4 - (-23 + -11)*(r + -1).
10
Suppose 0 = -36*d + 385 + 443. Suppose 0 = -z + 9 + d. Calculate the remainder when 379/3 - 6/(-9) is divided by z.
31
Let d(p) = 18*p - 2. Let n be d(3). Let g(o) = -34*o - 138. Let r be g(-4). Let s = n - r. What is the remainder when s is divided by 16?
6
Calculate the remainder when 997 is divided by (27 - 28)/((-1)/84).
73
Suppose -5908 = -49*h - 763. What is the remainder when 412 is divided by h?
97
Suppose 19*z - 23*z + 430 = 2*o, 20 = 4*o. What is the remainder when z is divided by (-2)/(-7) - 160/(-28)?
3
Suppose 2*r = -0*x - x + 630, -2*r - 2590 = -4*x. Calculate the remainder when x is divided by 637.
7
What is the remainder when 950 is divided by ((-19)/(-3))/(19/((-1197)/308) - -5)?
38
Suppose 5*v + p = 3*p + 18, v + 2*p - 6 = 0. Suppose -79 - 77 = -v*g. Suppose 2*b - 31 = g. Calculate the remainder when b is divided by 11.
2
Suppose -2*j = -x + 57, 5*x + 383*j = 380*j + 207. Let a = 89 - -83. What is the remainder when a is divided by x?
37
Suppose 0 = j - 6*j + 15. Suppose 12*k + 13*k = 275. Suppose j*n - 4*n = -k. What is the remainder when 11 is divided by n?
0
Let x(t) = -8*t**3 + 4*t**2 + 8*t + 6. Let f be x(-3). Let i = f - 201. What is the remainder when 95 is divided by i?
29
Suppose 7*x + 300 = 1098. What is the remainder when 5354 is divided by x?
110
Let n(u) = 4*u + 14. Let b be n(11). Let y = 181 + -171. What is the remainder when (b/(-8))/((-3)/12) is divided by y?
9
Let v(a) = 2*a**2 - 7*a + 81. What is the remainder when v(11) is divided by 54?
30
Suppose 3*h + 3*l = 66, -8*h + 1058*l = 1062*l - 136. Calculate the remainder when (-1375)/(-4) + (-3)/(-12) is divided by h.
8
Let w(a) = -a**3 - 5*a**2 - 4*a + 10. Let k be w(-3). Suppose -k*i + o + 72 = 0, -o - 41 = -3*i + 12. What is the remainder when 19 is divided by i?
0
What is the remainder when 517 is divided by ((-4)/5)/(-4 + 1476/370)?
73
Suppose -4*a = -3*p + 103 + 4, -2*a + 4*p - 66 = 0. Let n = 28 + a. Calculate the remainder when 27 is divided by n.
2
Let g = -8456 - -13602. Calculate the remainder when g is divided by 23.
17
Let d(n) = -30 - n**3 + 14 + 8*n**2 + 7*n + 2. What is the remainder when d(6) is divided by 26?
22
Let c = 31 - 87. Let k = 95 + c. Suppose k*i = 38*i + 73. Calculate the remainder when i is divided by 19.
16
Let q(m) = -18*m - 39. Let f be q(-3). Suppose 2 + 73 = f*o. What is the remainder when o is divided by -1*1 - 2*-1?
0
Let f = -284 + 287. Let c = 76 + f. What is the remainder when 311 is divided by c?
74
Let b = 29195 - 29020. Calculate the remainder when b is divided by 99.
76
Let r = 7363 + -7061. What is the remainder when r is divided by 18?
14
Let b = -175 - -181. Calculate the remainder when (364/b)/(38/57) is divided by 28.
7
Let p be 5 - (11 + -6 + 2). Let r(a) = -71*a + 3. What is the remainder when r(p) is divided by 22?
13
Suppose 144 = 28*l + 32. Suppose l*j - 2*b - 14 = 3*j, 8 = 4*b. What is the remainder when 40 is divided by j?
4
Suppose -4*c = -10 - 2, -t + 1151 = -4*c. What is the remainder when t is divided by 73?
68
Let a(b) = 120*b + 1931. Calculate the remainder when 693 is divided by a(-16).
0
Let j be (-36)/6*(-1)/3. Suppose -5*g + 5*a = -90, -j*g + 29 = a - 4. Calculate the remainder when 2912/35 - -8*3/(-20) is divided by g.
14
Let k = 63 - 60. Suppose 0 = 5*u + 2*f + 165, -43 = k*u + 2*f + 52. Let v = 59 + u. What is the remainder when 116 is divided by v?
20
Suppose 0 = -64*y + 11*y + 954. Calculate the remainder when 429 is divided by y.
15
What is the remainder when 68202/21 + -9 + (-455)/(-49) is divided by 13?
11
Let q(f) be the first derivative of -f**3/2 - 37*f**2/2 - 2*f - 9. Let c(r) be the first derivative of q(r). What is the remainder when 31 is divided by c(-15)?
7
Let y = 22952 + -2